actors of i(h)?
3, 41
Let l(o) = 2*o**2 + 33*o - 93. What are the prime factors of l(-21)?
2, 3
Suppose -3*v + u = -4*v + 1, 2*v + u - 2 = 0. Let g = v + 4. Suppose -4*h + h - 3*p = -108, 0 = g*h - p - 186. What are the prime factors of h?
37
Let b(p) = 9*p**2 - 27*p + 187. List the prime factors of b(22).
11, 359
Let b(u) = -u**3 - 8*u**2 - 9*u + 1. Let d be b(-7). What are the prime factors of 118 + 15*5/d?
3, 41
Let m(b) = -135*b + 42. List the prime factors of m(-3).
3, 149
Let n be ((-36)/(-3) + -1)*-1. Let t = n - 0. Let u = 24 + t. List the prime factors of u.
13
Let w(z) = z**2 + 4*z - 1. Let d be w(-5). Suppose 8*l - 344 = d*l. Let b = l + -60. List the prime factors of b.
2, 13
Let r(a) = 21*a**3 + a**2 - 46*a + 187. What are the prime factors of r(4)?
29, 47
Let m be 36/15*20/(-4). List the prime factors of 199*((-2)/6 + (-16)/m).
199
Suppose 3*m + 2 = 5. Let j be 44 - m*(3 + -4). List the prime factors of (-174)/4*(-30)/j.
29
Let r(p) = 1 + 3 + p + 0*p. Let n(q) = -q - 1. Let l be n(-10). What are the prime factors of r(l)?
13
Suppose -q - 3*a = -5*a - 132, 3*q = 3*a + 381. What are the prime factors of q?
2, 61
Let x = 2 + 1. Suppose -112 = -0*j - 4*j - 4*k, -3*k + x = 0. List the prime factors of 4/18 + 1263/j.
47
Let u(z) be the third derivative of z**5/30 - 7*z**4/12 - 5*z**3/3 - 14*z**2. What are the prime factors of u(10)?
2, 5
Let r(d) = -d**3 + 16*d**2 - 21*d - 13. Let v be r(15). Let a = -61 - v. List the prime factors of a.
2, 3, 7
Let h = -1370 + 2001. Suppose 0 = -v + 5*c + 70 + 73, 0 = -5*v + 4*c + h. List the prime factors of v.
3, 41
Let o = 708 + -497. List the prime factors of o.
211
Let o = 9 - 2. Let x = -10 - 4. Let d = o - x. What are the prime factors of d?
3, 7
Suppose 40*h - 47*h = -4291. What are the prime factors of h?
613
Let v be 20 + -8 - (1 + -1). Suppose -4*r = 8 + v, 4*i + 3*r - 401 = 0. Suppose -3*a + 3*m = -2*a - 6, -4*a - 4*m = -i. What are the prime factors of a?
3, 7
Suppose 3*k = 4*b - 55, -b - 2*k = -0*b. Suppose -b = -6*c + c. List the prime factors of -122*((-25)/10 + c).
61
Suppose 5*g = -3 - 187. Let p = g + 53. What are the prime factors of p?
3, 5
Suppose g = 2*z - 2, 0 = 2*z + g - 2. Suppose b - 5*t = 50, b - 3*t - 41 = z. What are the prime factors of b?
2, 3, 5
Suppose 58 = -7*y + 51. List the prime factors of (-4)/8*-466*(y - -2).
233
Let u = 61 - 51. Suppose 12*z = u*z + 254. What are the prime factors of z?
127
Let w(v) = -5 - 10*v**2 + v**3 + 22*v + 10 - 2*v**3 + 4*v**2. List the prime factors of w(-9).
2, 5
Let h be (-12)/36 - (-289)/3. Suppose -4*k - h = -3*f, f + 4*k = -f + 84. List the prime factors of f.
2, 3
Let m be -4 + 5 + -2 - -5. Let x(t) = m + 4*t + 0 - 6*t. List the prime factors of x(-3).
2, 5
Let x = -6 - -110. Let l = -16 + x. What are the prime factors of l?
2, 11
Suppose -2*s - 2*b = -7*s + 1206, 3*b - 248 = -s. List the prime factors of (-6)/4 - -1 - s/(-4).
2, 3, 5
Let u(g) = 36*g - 54*g + 55*g - 31. List the prime factors of u(6).
191
Suppose -8313 + 263 = -14*j. List the prime factors of j.
5, 23
Let p(t) = -4*t**3 + 14*t**2 + 3*t + 2. What are the prime factors of p(-6)?
2, 13
Let o(d) = -15 + d**2 - 5*d**3 + 23 + 4*d**3. Let g = 4 + -4. List the prime factors of o(g).
2
Let h(u) = u**3 - 5*u**2 - 6*u + 6. Let p be h(6). Suppose -p*o + 2 = -10. What are the prime factors of o?
2
Suppose -21*n = -17*n, -z + 140 = 2*n. What are the prime factors of z?
2, 5, 7
Suppose c - 24 = 11. Let k = 74 - c. What are the prime factors of k?
3, 13
Suppose -5*m + 138 = -3*m + 2*w, -2*m + 3*w + 143 = 0. Suppose -m - 110 = 4*h. What are the prime factors of ((-3)/(-1))/((-5)/h)?
3
Suppose -4*u + u + 4681 = -2*l, 3*u + 3*l = 4656. What are the prime factors of u?
3, 173
Let g(d) = -15*d + 43. Let j(t) = 17*t - 43. Let v(o) = 5*g(o) + 6*j(o). List the prime factors of v(11).
2, 127
Suppose -2*i + t = 0, -3 = 3*t + 3. Let d(x) = 114*x - 2. Let l be d(i). Let y = -83 - l. List the prime factors of y.
3, 11
Suppose -2*v + 44 = -o - 3*o, 3*v - 12 = 0. Let g be o/12*(-11 + 3). Suppose 0 = -g*c + 2*c + 116. What are the prime factors of c?
29
Suppose -2*y - 26 = -5*s + 6, -1 = y. Suppose s*g - g + 5*c - 240 = 0, c - 3 = 0. What are the prime factors of g?
3, 5
Let s(r) be the second derivative of 1/20*r**5 + 4*r + 1/3*r**4 + 0 - 5/6*r**3 + 7/2*r**2. List the prime factors of s(-5).
7
Suppose -3*s + 79 - 457 = 0. Let g = s - -192. What are the prime factors of g?
2, 3, 11
Let i = -4 + 9. Suppose -5*x = -2*o - 10, o - x + i*x - 8 = 0. Suppose -126 = -o*m - 3*m. List the prime factors of m.
2, 3, 7
Let r = 115 + 286. List the prime factors of r.
401
Let t = 1789 + -997. List the prime factors of t.
2, 3, 11
Let d be 7/5 - 6/(-10). Let z = -102 - -133. Suppose -5*p + 20 = 0, d*p - 103 = -f - z. What are the prime factors of f?
2
Suppose 3*m - 2*m = k - 1115, 0 = m. List the prime factors of k.
5, 223
Let i = -194 + 444. List the prime factors of i.
2, 5
Suppose -4*c + c = 0. Suppose -5*v + 49 = 4*u - 9, -v + 3*u + 4 = c. What are the prime factors of v?
2, 5
Let v = 302 - -23. Suppose 18*y = 23*y - v. Suppose -4*q - 38 = -3*u, -u - 5*q = -6*u + y. What are the prime factors of u?
2, 7
Let j be (-260)/(-30) + 1/3. Suppose o = -2*o - j. What are the prime factors of ((-12)/20)/(o/15)?
3
Let c = 1406 - 341. List the prime factors of c.
3, 5, 71
Let b(o) = 2*o - 41. Let a(p) = -p + 21. Suppose 7*s - 4*s - 4*l = -10, 4*s - 4*l + 16 = 0. Let y(u) = s*b(u) - 11*a(u). What are the prime factors of y(-12)?
3
Let s = 8 - 12. Let w be (-4)/14*(s + -3). Suppose -2*a - 2 = 0, f - 3*a - w*a - 30 = 0. List the prime factors of f.
5
Suppose -69*i + 81*i - 5916 = 0. What are the prime factors of i?
17, 29
Let g(l) = -l - 9. Let k(c) = -4. Let q(r) = 3*g(r) - 7*k(r). Let y be q(-3). Let n = 31 - y. What are the prime factors of n?
3, 7
Let t(w) = 11*w + 8. Let k be t(-4). List the prime factors of 2/6 + (-528)/k.
3, 5
List the prime factors of -9 + -84*162/(-12).
3, 5
List the prime factors of ((-90)/54)/(((-4)/8508)/1).
5, 709
Let o(a) = 2*a + 22. Let b(w) = w + 11. Let g(v) = 5*b(v) - 2*o(v). Let r be g(-9). List the prime factors of r - (3*-12)/3.
2, 7
Suppose -40*r + 51*r - 16357 = 0. List the prime factors of r.
1487
Let d = 16 + -13. Suppose 123 = 3*t - 3*x, -x = -d*t - 4 + 117. List the prime factors of t.
2, 3
Let v(q) = -4*q**3 - 83*q**3 + 2 + 2*q + q**2 + 2*q**3. What are the prime factors of v(-1)?
2, 43
Let j be 1 + -1 - 4 - 446/(-2). Let q = j - 62. List the prime factors of q.
157
Suppose 31068 = 10*d + 26*d. List the prime factors of d.
863
Let j = 136 + -79. Let u = j - 2. List the prime factors of u.
5, 11
Let m(x) = x - 189. Let h(s) = -s. Let q(g) = -4*h(g) - m(g). What are the prime factors of q(0)?
3, 7
Let r = -299 - -1125. What are the prime factors of r?
2, 7, 59
Let r(o) = -o**2 + 4*o + 1332. What are the prime factors of r(0)?
2, 3, 37
Let o = -13 - -21. Suppose -2*h - 151 = 4*a - 15, a = -5*h - 52. What are the prime factors of (-4)/a - (-279)/o?
5, 7
Let v(m) = -2*m + 10. Let w be v(12). Let h = w + 16. List the prime factors of (h/(-3))/(10/(-795)).
53
Let r = 980 - 409. What are the prime factors of r?
571
List the prime factors of (-443322)/132*((-4)/(-3))/(-2).
2239
Let g = 213 - -90. Suppose 252 + 57 = 3*p + q, 3*p = -3*q + g. List the prime factors of p.
2, 13
Let k(y) = 6*y**2 - 9*y - 5. Suppose 13*g + 3*q = 12*g + 19, g = 2*q - 1. What are the prime factors of k(g)?
2, 113
Suppose 0 = 3*f + f - 88. Suppose f - 2 = -4*n. Let d(l) = 2*l**2 + 6*l + 3. List the prime factors of d(n).
23
Let c(b) = 4*b**2 + 3*b - 1. Let p(w) = -9*w**2 - 7*w + 1. Let u(m) = 5*c(m) + 2*p(m). Let h be u(2). Suppose -2*o = h - 21. List the prime factors of o.
7
Let o = -35 + 37. List the prime factors of 0/o - (1*-248 - -3).
5, 7
Suppose 21 = -2*u + 9*u. Suppose 0 = n + 3*m - 56, 4*n + m - u*m - 238 = 0. What are the prime factors of n?
59
Suppose 5*f + s + 29 = 0, -s - 1 = -f - 2. Let l = 24 + f. Let u = l + -2. List the prime factors of u.
17
Let w(s) = 19*s - 48. Let k be w(5). Suppose 4*m - k = 1. List the prime factors of m.
2, 3
Suppose -47 = 3*c - 290. Let t = c + -72. What are the prime factors of t?
3
Let t = 1013 + 96. List the prime factors of t.
1109
Suppose 3*v - 7*v = 4*b - 4, 